- 6*k**2 - 5*k + 2. Let b be i(-5). Suppose t = b*c - 83. List the prime factors of c.
2, 67
Let c(f) = 129*f**2 - 8*f + 37. Let q(h) = 129*h**2 - 6*h + 36. Let g(u) = -5*c(u) + 6*q(u). What are the prime factors of g(-3)?
2, 5, 59
Let c = 10215 + 41123. What are the prime factors of c?
2, 7, 19, 193
Let t(u) = 1151*u**3 + 22*u**2 + 14*u - 10. What are the prime factors of t(3)?
31307
Suppose -7*q - 91 = -0*q. Let k be (-1 - (-64)/1)*(q + 14). Suppose -h + k = -146. List the prime factors of h.
11, 19
Suppose -29208 = -t + 3*y, 163*y - 116832 = -4*t + 158*y. What are the prime factors of t?
2, 3, 1217
Suppose -22 = -n - 114. Let m be 2058/15 + (-3)/(12 - -3). Let o = m - n. What are the prime factors of o?
229
Let y = -33 - -36. Suppose 4*h - l = 4735, y*h = -3*l + 1245 + 2325. What are the prime factors of h?
3, 5, 79
Let t be 1/3 - (-197353)/(-39). Let y be t/(-50) + (-4)/(-5). Suppose y = -d + 3*d. List the prime factors of d.
3, 17
Let j(n) = 198*n - 4626. What are the prime factors of j(109)?
2, 3, 157
Let r = 9047 + -32957. What are the prime factors of r/15*(-2)/4?
797
Suppose -y = 2*n - 4744 - 47, -4*y = -5*n - 19190. Suppose -23*z + 28*z = y. List the prime factors of z.
7, 137
Suppose 2*z = 2*r + 480, 3*z + 3*r + 958 = 7*z. Let i = 400 - z. What are the prime factors of i?
2, 3
Let x(v) = 5*v**2 - 357*v + 10. List the prime factors of x(86).
2, 3, 131
Suppose -3*q - 2*l = -5888 - 952, 4522 = 2*q - 5*l. What are the prime factors of q?
2, 569
Let o(a) = -536*a**3 + a**2 + 3*a - 3. Let g be o(1). Let k = -132 - g. List the prime factors of k.
13, 31
Suppose -q - 5*f = -6081, 4*f = -59*q + 51*q + 48720. What are the prime factors of q?
6091
What are the prime factors of (-1142456)/(-70) - ((-2)/(-3) - 156/180)?
19, 859
Let n = 289 - -13182. What are the prime factors of n?
19, 709
Let t = -9 - -33. Suppose 32*l = t*l + 1504. What are the prime factors of l?
2, 47
Let t(f) = -f**2. Let d(g) = -10*g**2 - 15*g - 22. Let q(m) = -d(m) + 3*t(m). List the prime factors of q(-5).
2, 61
Suppose 0 = -410*v + 424*v. Let q = 70335 - 127602. What are the prime factors of q/(-216) - (1 - v)/8?
5, 53
Suppose -2*w = 2*g + 18, 0*w + 5*w = 3*g + 27. Let r be 34/(-153) - (-538)/g. List the prime factors of (-1008)/35*r/9.
2, 3
Suppose u + 105*i = 102*i + 49971, 4*i = -u + 49972. List the prime factors of u.
2, 3, 347
Let y = 292 - 286. List the prime factors of (-27800)/(-64) - -2*y/(-32).
2, 7, 31
Let m(z) = 5*z - 1. Let t be m(1). Suppose q = -0*o - t*o + 6240, -3*q = o - 1549. What are the prime factors of o?
7, 223
Let a(h) = -4078*h + 29. Let m be a(-2). Suppose 0 = 17*f - 12*f - m. What are the prime factors of f?
1637
Let v be -1 + 1*405 - (-19 - -22). Suppose -l - 806 = -2*c, -3*c - l - v = -4*c. What are the prime factors of c?
3, 5
Suppose n + 4*n - 2*c = 165, 4*n - 5*c = 149. Suppose -n = -s - 1. Let k = s - 1. List the prime factors of k.
29
Suppose -17*t + 2578 = -4971 - 4283. List the prime factors of t.
2, 3, 29
Let f(d) = 2*d**3 - 9*d**2 + 2*d - 30. Let n be f(5). Suppose n*v + 5*r = 4125, -5*r + 801 - 3292 = -3*v. What are the prime factors of v?
827
Suppose 5*p + 4*b - 34387 = 3*b, b = -4*p + 27510. Suppose -p = -10*j - 1097. List the prime factors of j.
2, 17
What are the prime factors of (3 - 1046/4)*(-63 + (-9 - -6))?
3, 11, 47
Let d(z) = 13*z - 5. Let g be d(1). Suppose 10*f - 620 = g*f. What are the prime factors of f?
2, 5, 31
Suppose 39*k = 31*k + 7504. Suppose 10*o - k = 3*o. What are the prime factors of o?
2, 67
Suppose 4*l = -58 + 66. Let j = 296 - 210. Suppose -3*k - 2*i + j = 0, -4*k - l*i = 20 - 136. What are the prime factors of k?
2, 3, 5
Let o be 38/6 + (8/3 - 2). Suppose -t + 3*t + 3*c - 16 = 0, 5*c - 34 = -4*t. Suppose 0 = -o*y + t*y - 572. List the prime factors of y.
11, 13
Let s(o) = o**3 - 37*o + 23. What are the prime factors of s(12)?
1307
Let x be (192/(-240))/((-1)/(-10)). What are the prime factors of (x - -7)*((-3585)/5)/3?
239
Suppose 10 = 5*d, -n = -14*d + 10*d - 17960. What are the prime factors of n?
2, 1123
Suppose 2*d + 4*j + 14 = 0, 0 = 4*d - 10*j + 14*j + 8. Suppose p - 481 = -d. What are the prime factors of p?
2, 239
Let r(i) = 515*i + 106. What are the prime factors of r(24)?
2, 23, 271
Let d = 140 + -139. What are the prime factors of (d + -3)/(6 - (-23200)/(-3864))?
3, 7, 23
Let a(h) = -22*h + 7. Let y(s) be the third derivative of -s**4/24 - 10*s**2. Let j(g) = -a(g) + 4*y(g). List the prime factors of j(6).
101
Let n = -31 - -39. Suppose 420 = -q + n*q. Suppose 3*u - q = -0*u - 3*d, -u = -2*d - 17. List the prime factors of u.
19
Let u(m) = 14 + 14 + 33 - 18 - 17*m. What are the prime factors of u(-6)?
5, 29
Let l(n) = 1857*n**2 - 109*n - 604. What are the prime factors of l(-6)?
2, 11, 3041
Let h = 105503 - 43001. Suppose -41580 = -66*q + h. What are the prime factors of q?
19, 83
Let q = 180 + 252. Suppose -6*p + 4*b + q = -2*p, 0 = -3*p + 5*b + 314. Let o = p - 46. List the prime factors of o.
67
Suppose -2*q - 81 = 63. Let h be (1 - -32)/(q/(-22) - 3). Let g = -53 + h. List the prime factors of g.
2, 17
Suppose -220 = 4*b + 20. Let c be b*(-32)/36*3. Suppose u + u = c. List the prime factors of u.
2, 5
Let g = -92 - -87. Let s = -3 - g. Suppose 5*n - n = 3*j - 326, -438 = -4*j + s*n. What are the prime factors of j?
2, 5, 11
List the prime factors of (-4 - (-15)/(-9))/((-53)/583212).
2, 7, 17, 131
Let f be (-72)/5 - (6/(-15) + 1). Let s(k) = -k - 21. Let q be s(f). What are the prime factors of (-8)/(-3) - 2 - 38/q?
7
Let h(v) = -41*v + 1. Let t be -2 - (1 + -7 - -1). Suppose 2*p + 35 = -t*p. List the prime factors of h(p).
2, 3
Let i = 3017 + 6200. List the prime factors of i.
13, 709
Suppose -6 = -19*c + 70. Suppose -1412 - 1520 = -c*a. What are the prime factors of a?
733
Suppose 6 - 4 = u. Suppose q + 3*x = -0*q + 8, 2*x = u*q + 8. List the prime factors of (q + 520)*1*5/15.
173
Let y be 8/5*(-5)/(-2) + -5. List the prime factors of y - ((-16)/4 + -542).
5, 109
Suppose -10*w + 936 = -6*w. List the prime factors of 40/(w/(-48) + 5).
2, 5
What are the prime factors of ((31/(-12))/((-32)/13696))/(2/6)?
31, 107
Suppose 1 = -v - 3. Let w(n) = -n**2 - 10*n - 10. Let d be w(-9). List the prime factors of d - (v - -5) - -234.
2, 29
Let r = -12325 - -21448. List the prime factors of r.
3, 3041
Let z(a) = 89*a**2 + 15*a - 9. Let c(i) = -45*i**2 - 8*i + 3. Let m(l) = 5*c(l) + 3*z(l). Let w = 2 - 0. What are the prime factors of m(w)?
2, 83
List the prime factors of 56/(5/(-9 - -1909)).
2, 5, 7, 19
Let x = 311 + -307. Suppose 99 = r - 3*g + 12, -5*r + x*g = -402. List the prime factors of r.
2, 3, 13
Suppose 38*n - 509206 = 5*n + 94166. What are the prime factors of n?
2, 7, 653
Suppose v - 4*v + 22 = 5*m, 0 = m - 5. Let h(q) = 86*q**2 - 2*q. Let n be h(v). Suppose 2*f = -4*w + n, -4*w - 4*f + 116 = w. List the prime factors of w.
2, 5
Let h = 20712 + -5318. What are the prime factors of h?
2, 43, 179
Suppose 0*w = -21*w + 9681. Let v = w - 221. List the prime factors of v.
2, 3, 5
Let z(l) = -397*l + 56. Let r = -176 - -174. What are the prime factors of z(r)?
2, 5, 17
Let g be (3 + 0 - -261) + -2. Suppose 5*c - g = 108. List the prime factors of c.
2, 37
Let i(a) = -643*a**3 + 2*a**2 - 1. Let r be i(-1). Let k = r - -454. What are the prime factors of k?
2, 3, 61
Let r be (-2)/14 + (-58)/(-14). Suppose 0 = -10*w + r*w + 1152. What are the prime factors of w?
2, 3
List the prime factors of ((-134435)/2)/(-5) - (240/(-32) - -5).
2, 3, 83
Suppose 318 = -2*g + 284. List the prime factors of -22 - g - 672/(-1).
23, 29
Let j = 167 - 168. List the prime factors of 1548/(-27)*(j + 7/(-2)).
2, 3, 43
Let w(q) be the third derivative of -q**6/120 - q**5/3 + 23*q**3/6 + 43*q**2 - q. Let t be w(-20). Suppose -712 = -5*j + t. What are the prime factors of j?
3, 7
Suppose -701350 = -69*j + 5109278. List the prime factors of j.
2, 37, 569
Let d(q) = -q**3 + 15*q**2 - 12. Let h(w) be the second derivative of w**4/12 - w**3/6 - 6*w. Let u(a) = d(a) - 5*h(a). What are the prime factors of u(9)?
2, 3, 19
Suppose 2*k - 5*b - 45446 = 0, b - 113642 = 227*k - 232*k. What are the prime factors of k?
2, 3, 947
Let h be 272/(-18) - 15/(-135). Let p be 3/(h/(-1925)) - -1. Let f = p - 158. List the prime factors of f.
2